{"id":69,"date":"2022-11-28T08:22:02","date_gmt":"2022-11-28T11:22:02","guid":{"rendered":"https:\/\/fdr.org.br\/edr\/?post_type=autores&#038;p=69"},"modified":"2022-12-12T14:21:55","modified_gmt":"2022-12-12T17:21:55","slug":"69","status":"publish","type":"autores","link":"https:\/\/fdr.org.br\/edr\/autores\/69\/","title":{"rendered":"Karlson Gracie"},"excerpt":{"rendered":"<p>Ilustrador e quadrinista que tem a ilustra\u00e7\u00e3o digital e anal\u00f3gica como linguagem para comunicar, seja na \u00e1rea editorial, games ou anima\u00e7\u00e3o. <\/p>\n","protected":false},"featured_media":70,"template":"","meta":[],"class_list":["post-69","autores","type-autores","status-publish","has-post-thumbnail","hentry","secoes_da_pagina_Autores-ilustrador"],"yoast_head":"<!-- This site is optimized with the Yoast SEO plugin v23.3 - https:\/\/yoast.com\/wordpress\/plugins\/seo\/ -->\n<title>Karlson Gracie - EDI\u00c7\u00d5ES DEM\u00d3CRITO ROCHA<\/title>\n<meta name=\"description\" content=\"Ilustrador e quadrinista que tem a ilustra\u00e7\u00e3o digital e anal\u00f3gica como linguagem para comunicar, seja na \u00e1rea editorial, games ou anima\u00e7\u00e3o. Atualmente trabalho como freelance e dou vida aos projetos mais legais. Vamos bater aquele papo legal e fazer sua ideia voar e chegar onde deseja.\" \/>\n<meta name=\"robots\" content=\"index, follow, max-snippet:-1, max-image-preview:large, max-video-preview:-1\" \/>\n<link rel=\"canonical\" href=\"https:\/\/fdr.org.br\/edr\/autores\/69\/\" \/>\n<meta property=\"og:locale\" content=\"pt_BR\" \/>\n<meta property=\"og:type\" content=\"article\" \/>\n<meta property=\"og:title\" content=\"Karlson Gracie - EDI\u00c7\u00d5ES DEM\u00d3CRITO ROCHA\" \/>\n<meta property=\"og:description\" content=\"Ilustrador e quadrinista que tem a ilustra\u00e7\u00e3o digital e anal\u00f3gica como linguagem para comunicar, seja na \u00e1rea editorial, games ou anima\u00e7\u00e3o. Atualmente trabalho como freelance e dou vida aos projetos mais legais. Vamos bater aquele papo legal e fazer sua ideia voar e chegar onde deseja.\" \/>\n<meta property=\"og:url\" content=\"https:\/\/fdr.org.br\/edr\/autores\/69\/\" \/>\n<meta property=\"og:site_name\" content=\"EDI\u00c7\u00d5ES DEM\u00d3CRITO ROCHA\" \/>\n<meta property=\"article:modified_time\" content=\"2022-12-12T17:21:55+00:00\" \/>\n<meta property=\"og:image\" content=\"http:\/\/fdr.org.br\/edr\/wp-content\/uploads\/sites\/49\/2022\/11\/Foto-Karlson-Gracie.jpg\" \/>\n\t<meta property=\"og:image:width\" content=\"768\" \/>\n\t<meta property=\"og:image:height\" content=\"960\" \/>\n\t<meta property=\"og:image:type\" content=\"image\/jpeg\" \/>\n<meta name=\"twitter:card\" content=\"summary_large_image\" \/>\n<script type=\"application\/ld+json\" class=\"yoast-schema-graph\">{\"@context\":\"https:\/\/schema.org\",\"@graph\":[{\"@type\":\"WebPage\",\"@id\":\"https:\/\/fdr.org.br\/edr\/autores\/69\/\",\"url\":\"https:\/\/fdr.org.br\/edr\/autores\/69\/\",\"name\":\"Karlson Gracie - EDI\u00c7\u00d5ES DEM\u00d3CRITO ROCHA\",\"isPartOf\":{\"@id\":\"https:\/\/fdr.org.br\/edr\/#website\"},\"primaryImageOfPage\":{\"@id\":\"https:\/\/fdr.org.br\/edr\/autores\/69\/#primaryimage\"},\"image\":{\"@id\":\"https:\/\/fdr.org.br\/edr\/autores\/69\/#primaryimage\"},\"thumbnailUrl\":\"https:\/\/fdr.org.br\/edr\/wp-content\/uploads\/sites\/49\/2022\/11\/Foto-Karlson-Gracie.jpg\",\"datePublished\":\"2022-11-28T11:22:02+00:00\",\"dateModified\":\"2022-12-12T17:21:55+00:00\",\"description\":\"Ilustrador e quadrinista que tem a ilustra\u00e7\u00e3o digital e anal\u00f3gica como linguagem para comunicar, seja na \u00e1rea editorial, games ou anima\u00e7\u00e3o. Atualmente trabalho como freelance e dou vida aos projetos mais legais. Vamos bater aquele papo legal e fazer sua ideia voar e chegar onde deseja.\",\"breadcrumb\":{\"@id\":\"https:\/\/fdr.org.br\/edr\/autores\/69\/#breadcrumb\"},\"inLanguage\":\"pt-BR\",\"potentialAction\":[{\"@type\":\"ReadAction\",\"target\":[\"https:\/\/fdr.org.br\/edr\/autores\/69\/\"]}]},{\"@type\":\"ImageObject\",\"inLanguage\":\"pt-BR\",\"@id\":\"https:\/\/fdr.org.br\/edr\/autores\/69\/#primaryimage\",\"url\":\"https:\/\/fdr.org.br\/edr\/wp-content\/uploads\/sites\/49\/2022\/11\/Foto-Karlson-Gracie.jpg\",\"contentUrl\":\"https:\/\/fdr.org.br\/edr\/wp-content\/uploads\/sites\/49\/2022\/11\/Foto-Karlson-Gracie.jpg\",\"width\":768,\"height\":960},{\"@type\":\"BreadcrumbList\",\"@id\":\"https:\/\/fdr.org.br\/edr\/autores\/69\/#breadcrumb\",\"itemListElement\":[{\"@type\":\"ListItem\",\"position\":1,\"name\":\"In\u00edcio\",\"item\":\"https:\/\/fdr.org.br\/edr\/\"},{\"@type\":\"ListItem\",\"position\":2,\"name\":\"Autores e ilustradores\",\"item\":\"https:\/\/fdr.org.br\/edr\/autores\/\"},{\"@type\":\"ListItem\",\"position\":3,\"name\":\"Karlson Gracie\"}]},{\"@type\":\"WebSite\",\"@id\":\"https:\/\/fdr.org.br\/edr\/#website\",\"url\":\"https:\/\/fdr.org.br\/edr\/\",\"name\":\"EDI\u00c7\u00d5ES DEM\u00d3CRITO ROCHA\",\"description\":\"\",\"potentialAction\":[{\"@type\":\"SearchAction\",\"target\":{\"@type\":\"EntryPoint\",\"urlTemplate\":\"https:\/\/fdr.org.br\/edr\/?s={search_term_string}\"},\"query-input\":\"required name=search_term_string\"}],\"inLanguage\":\"pt-BR\"}]}<\/script>\n<!-- \/ Yoast SEO plugin. -->","yoast_head_json":{"title":"Karlson Gracie - EDI\u00c7\u00d5ES DEM\u00d3CRITO ROCHA","description":"Ilustrador e quadrinista que tem a ilustra\u00e7\u00e3o digital e anal\u00f3gica como linguagem para comunicar, seja na \u00e1rea editorial, games ou anima\u00e7\u00e3o. Atualmente trabalho como freelance e dou vida aos projetos mais legais. Vamos bater aquele papo legal e fazer sua ideia voar e chegar onde deseja.","robots":{"index":"index","follow":"follow","max-snippet":"max-snippet:-1","max-image-preview":"max-image-preview:large","max-video-preview":"max-video-preview:-1"},"canonical":"https:\/\/fdr.org.br\/edr\/autores\/69\/","og_locale":"pt_BR","og_type":"article","og_title":"Karlson Gracie - EDI\u00c7\u00d5ES DEM\u00d3CRITO ROCHA","og_description":"Ilustrador e quadrinista que tem a ilustra\u00e7\u00e3o digital e anal\u00f3gica como linguagem para comunicar, seja na \u00e1rea editorial, games ou anima\u00e7\u00e3o. Atualmente trabalho como freelance e dou vida aos projetos mais legais. Vamos bater aquele papo legal e fazer sua ideia voar e chegar onde deseja.","og_url":"https:\/\/fdr.org.br\/edr\/autores\/69\/","og_site_name":"EDI\u00c7\u00d5ES DEM\u00d3CRITO ROCHA","article_modified_time":"2022-12-12T17:21:55+00:00","og_image":[{"width":768,"height":960,"url":"http:\/\/fdr.org.br\/edr\/wp-content\/uploads\/sites\/49\/2022\/11\/Foto-Karlson-Gracie.jpg","type":"image\/jpeg"}],"twitter_card":"summary_large_image","schema":{"@context":"https:\/\/schema.org","@graph":[{"@type":"WebPage","@id":"https:\/\/fdr.org.br\/edr\/autores\/69\/","url":"https:\/\/fdr.org.br\/edr\/autores\/69\/","name":"Karlson Gracie - EDI\u00c7\u00d5ES DEM\u00d3CRITO ROCHA","isPartOf":{"@id":"https:\/\/fdr.org.br\/edr\/#website"},"primaryImageOfPage":{"@id":"https:\/\/fdr.org.br\/edr\/autores\/69\/#primaryimage"},"image":{"@id":"https:\/\/fdr.org.br\/edr\/autores\/69\/#primaryimage"},"thumbnailUrl":"https:\/\/fdr.org.br\/edr\/wp-content\/uploads\/sites\/49\/2022\/11\/Foto-Karlson-Gracie.jpg","datePublished":"2022-11-28T11:22:02+00:00","dateModified":"2022-12-12T17:21:55+00:00","description":"Ilustrador e quadrinista que tem a ilustra\u00e7\u00e3o digital e anal\u00f3gica como linguagem para comunicar, seja na \u00e1rea editorial, games ou anima\u00e7\u00e3o. Atualmente trabalho como freelance e dou vida aos projetos mais legais. Vamos bater aquele papo legal e fazer sua ideia voar e chegar onde deseja.","breadcrumb":{"@id":"https:\/\/fdr.org.br\/edr\/autores\/69\/#breadcrumb"},"inLanguage":"pt-BR","potentialAction":[{"@type":"ReadAction","target":["https:\/\/fdr.org.br\/edr\/autores\/69\/"]}]},{"@type":"ImageObject","inLanguage":"pt-BR","@id":"https:\/\/fdr.org.br\/edr\/autores\/69\/#primaryimage","url":"https:\/\/fdr.org.br\/edr\/wp-content\/uploads\/sites\/49\/2022\/11\/Foto-Karlson-Gracie.jpg","contentUrl":"https:\/\/fdr.org.br\/edr\/wp-content\/uploads\/sites\/49\/2022\/11\/Foto-Karlson-Gracie.jpg","width":768,"height":960},{"@type":"BreadcrumbList","@id":"https:\/\/fdr.org.br\/edr\/autores\/69\/#breadcrumb","itemListElement":[{"@type":"ListItem","position":1,"name":"In\u00edcio","item":"https:\/\/fdr.org.br\/edr\/"},{"@type":"ListItem","position":2,"name":"Autores e ilustradores","item":"https:\/\/fdr.org.br\/edr\/autores\/"},{"@type":"ListItem","position":3,"name":"Karlson Gracie"}]},{"@type":"WebSite","@id":"https:\/\/fdr.org.br\/edr\/#website","url":"https:\/\/fdr.org.br\/edr\/","name":"EDI\u00c7\u00d5ES DEM\u00d3CRITO ROCHA","description":"","potentialAction":[{"@type":"SearchAction","target":{"@type":"EntryPoint","urlTemplate":"https:\/\/fdr.org.br\/edr\/?s={search_term_string}"},"query-input":"required name=search_term_string"}],"inLanguage":"pt-BR"}]}},"_links":{"self":[{"href":"https:\/\/fdr.org.br\/edr\/wp-json\/wp\/v2\/autores\/69","targetHints":{"allow":["GET"]}}],"collection":[{"href":"https:\/\/fdr.org.br\/edr\/wp-json\/wp\/v2\/autores"}],"about":[{"href":"https:\/\/fdr.org.br\/edr\/wp-json\/wp\/v2\/types\/autores"}],"wp:featuredmedia":[{"embeddable":true,"href":"https:\/\/fdr.org.br\/edr\/wp-json\/wp\/v2\/media\/70"}],"wp:attachment":[{"href":"https:\/\/fdr.org.br\/edr\/wp-json\/wp\/v2\/media?parent=69"}],"curies":[{"name":"wp","href":"https:\/\/api.w.org\/{rel}","templated":true}]}}

<p>Ilustrador e quadrinista que tem a ilustração digital e analógica como linguagem para comunicar, seja na área editorial, games ou animação. </p>

<!-- This site is optimized with the Yoast SEO plugin v23.3 - https://yoast.com/wordpress/plugins/seo/ -->
<title>Karlson Gracie - EDIÇÕES DEMÓCRITO ROCHA</title>
<meta name="description" content="Ilustrador e quadrinista que tem a ilustração digital e analógica como linguagem para comunicar, seja na área editorial, games ou animação. Atualmente trabalho como freelance e dou vida aos projetos mais legais. Vamos bater aquele papo legal e fazer sua ideia voar e chegar onde deseja." />
<meta name="robots" content="index, follow, max-snippet:-1, max-image-preview:large, max-video-preview:-1" />
<link rel="canonical" href="https://fdr.org.br/edr/autores/69/" />
<meta property="og:locale" content="pt_BR" />
<meta property="og:type" content="article" />
<meta property="og:title" content="Karlson Gracie - EDIÇÕES DEMÓCRITO ROCHA" />
<meta property="og:description" content="Ilustrador e quadrinista que tem a ilustração digital e analógica como linguagem para comunicar, seja na área editorial, games ou animação. Atualmente trabalho como freelance e dou vida aos projetos mais legais. Vamos bater aquele papo legal e fazer sua ideia voar e chegar onde deseja." />
<meta property="og:url" content="https://fdr.org.br/edr/autores/69/" />
<meta property="og:site_name" content="EDIÇÕES DEMÓCRITO ROCHA" />
<meta property="article:modified_time" content="2022-12-12T17:21:55+00:00" />
<meta property="og:image" content="http://fdr.org.br/edr/wp-content/uploads/sites/49/2022/11/Foto-Karlson-Gracie.jpg" />
	<meta property="og:image:width" content="768" />
	<meta property="og:image:height" content="960" />
	<meta property="og:image:type" content="image/jpeg" />
<meta name="twitter:card" content="summary_large_image" />
<script type="application/ld+json" class="yoast-schema-graph">{"@context":"https://schema.org","@graph":[{"@type":"WebPage","@id":"https://fdr.org.br/edr/autores/69/","url":"https://fdr.org.br/edr/autores/69/","name":"Karlson Gracie - EDIÇÕES DEMÓCRITO ROCHA","isPartOf":{"@id":"https://fdr.org.br/edr/#website"},"primaryImageOfPage":{"@id":"https://fdr.org.br/edr/autores/69/#primaryimage"},"image":{"@id":"https://fdr.org.br/edr/autores/69/#primaryimage"},"thumbnailUrl":"https://fdr.org.br/edr/wp-content/uploads/sites/49/2022/11/Foto-Karlson-Gracie.jpg","datePublished":"2022-11-28T11:22:02+00:00","dateModified":"2022-12-12T17:21:55+00:00","description":"Ilustrador e quadrinista que tem a ilustração digital e analógica como linguagem para comunicar, seja na área editorial, games ou animação. Atualmente trabalho como freelance e dou vida aos projetos mais legais. Vamos bater aquele papo legal e fazer sua ideia voar e chegar onde deseja.","breadcrumb":{"@id":"https://fdr.org.br/edr/autores/69/#breadcrumb"},"inLanguage":"pt-BR","potentialAction":[{"@type":"ReadAction","target":["https://fdr.org.br/edr/autores/69/"]}]},{"@type":"ImageObject","inLanguage":"pt-BR","@id":"https://fdr.org.br/edr/autores/69/#primaryimage","url":"https://fdr.org.br/edr/wp-content/uploads/sites/49/2022/11/Foto-Karlson-Gracie.jpg","contentUrl":"https://fdr.org.br/edr/wp-content/uploads/sites/49/2022/11/Foto-Karlson-Gracie.jpg","width":768,"height":960},{"@type":"BreadcrumbList","@id":"https://fdr.org.br/edr/autores/69/#breadcrumb","itemListElement":[{"@type":"ListItem","position":1,"name":"Início","item":"https://fdr.org.br/edr/"},{"@type":"ListItem","position":2,"name":"Autores e ilustradores","item":"https://fdr.org.br/edr/autores/"},{"@type":"ListItem","position":3,"name":"Karlson Gracie"}]},{"@type":"WebSite","@id":"https://fdr.org.br/edr/#website","url":"https://fdr.org.br/edr/","name":"EDIÇÕES DEMÓCRITO ROCHA","description":"","potentialAction":[{"@type":"SearchAction","target":{"@type":"EntryPoint","urlTemplate":"https://fdr.org.br/edr/?s={search_term_string}"},"query-input":"required name=search_term_string"}],"inLanguage":"pt-BR"}]}</script>
<!-- / Yoast SEO plugin. -->

Karlson Gracie - EDIÇÕES DEMÓCRITO ROCHA

Ilustrador e quadrinista que tem a ilustração digital e analógica como linguagem para comunicar, seja na área editorial, games ou animação. Atualmente trabalho como freelance e dou vida aos projetos mais legais. Vamos bater aquele papo legal e fazer sua ideia voar e chegar onde deseja.

EDIÇÕES DEMÓCRITO ROCHA

Início
