{"id":27,"date":"2022-11-24T14:39:58","date_gmt":"2022-11-24T17:39:58","guid":{"rendered":"https:\/\/fdr.org.br\/edr\/?post_type=sobre&#038;p=27"},"modified":"2023-06-26T17:31:33","modified_gmt":"2023-06-26T20:31:33","slug":"por-que-somos-edr","status":"publish","type":"sobre","link":"https:\/\/fdr.org.br\/edr\/sobre\/por-que-somos-edr\/","title":{"rendered":"35 anos de Edi\u00e7\u00f5es Dem\u00f3crito Rocha &#8211; Temos hist\u00f3rias!"},"excerpt":{"rendered":"<p>As Edi\u00e7\u00f5es Dem\u00f3crito Rocha possuem 35 anos de tradi\u00e7\u00e3o, reputa\u00e7\u00e3o e credibilidade no mercado editorial, o que as torna uma refer\u00eancia cultural. Devido \u00e0 diversidade de t\u00edtulos que oferecemos, valorizamos a pluralidade de autores e ilustradores, al\u00e9m de resgatar os cl\u00e1ssicos de nossa literatura. Somos reconhecidos pela qualidade de nosso acervo e por democratizar o acesso ao livro, oferecendo pre\u00e7os acess\u00edveis, realizando a\u00e7\u00f5es sociais e promo\u00e7\u00f5es durante todo o ano.<\/p>\n","protected":false},"featured_media":117,"template":"","meta":[],"class_list":["post-27","sobre","type-sobre","status-publish","has-post-thumbnail","hentry","secoes_da_pagina_Sobre-imgbanner","secoes_da_pagina_Sobre-texto_1"],"yoast_head":"<!-- This site is optimized with the Yoast SEO plugin v23.3 - https:\/\/yoast.com\/wordpress\/plugins\/seo\/ -->\n<title>35 anos de Edi\u00e7\u00f5es Dem\u00f3crito Rocha - Temos hist\u00f3rias! - EDI\u00c7\u00d5ES DEM\u00d3CRITO ROCHA<\/title>\n<meta name=\"robots\" content=\"index, follow, max-snippet:-1, max-image-preview:large, max-video-preview:-1\" \/>\n<link rel=\"canonical\" href=\"https:\/\/fdr.org.br\/edr\/sobre\/por-que-somos-edr\/\" \/>\n<meta property=\"og:locale\" content=\"pt_BR\" \/>\n<meta property=\"og:type\" content=\"article\" \/>\n<meta property=\"og:title\" content=\"35 anos de Edi\u00e7\u00f5es Dem\u00f3crito Rocha - Temos hist\u00f3rias! - EDI\u00c7\u00d5ES DEM\u00d3CRITO ROCHA\" \/>\n<meta property=\"og:description\" content=\"As Edi\u00e7\u00f5es Dem\u00f3crito Rocha possuem 35 anos de tradi\u00e7\u00e3o, reputa\u00e7\u00e3o e credibilidade no mercado editorial, o que as torna uma refer\u00eancia cultural. Devido \u00e0 diversidade de t\u00edtulos que oferecemos, valorizamos a pluralidade de autores e ilustradores, al\u00e9m de resgatar os cl\u00e1ssicos de nossa literatura. Somos reconhecidos pela qualidade de nosso acervo e por democratizar o acesso ao livro, oferecendo pre\u00e7os acess\u00edveis, realizando a\u00e7\u00f5es sociais e promo\u00e7\u00f5es durante todo o ano.\" \/>\n<meta property=\"og:url\" content=\"https:\/\/fdr.org.br\/edr\/sobre\/por-que-somos-edr\/\" \/>\n<meta property=\"og:site_name\" content=\"EDI\u00c7\u00d5ES DEM\u00d3CRITO ROCHA\" \/>\n<meta property=\"article:modified_time\" content=\"2023-06-26T20:31:33+00:00\" \/>\n<meta property=\"og:image\" content=\"http:\/\/fdr.org.br\/edr\/wp-content\/uploads\/sites\/49\/2022\/11\/banner-1422x5104-1-e1670869033413.png\" \/>\n\t<meta property=\"og:image:width\" content=\"1032\" \/>\n\t<meta property=\"og:image:height\" content=\"370\" \/>\n\t<meta property=\"og:image:type\" content=\"image\/png\" \/>\n<meta name=\"twitter:card\" content=\"summary_large_image\" \/>\n<script type=\"application\/ld+json\" class=\"yoast-schema-graph\">{\"@context\":\"https:\/\/schema.org\",\"@graph\":[{\"@type\":\"WebPage\",\"@id\":\"https:\/\/fdr.org.br\/edr\/sobre\/por-que-somos-edr\/\",\"url\":\"https:\/\/fdr.org.br\/edr\/sobre\/por-que-somos-edr\/\",\"name\":\"35 anos de Edi\u00e7\u00f5es Dem\u00f3crito Rocha - Temos hist\u00f3rias! - EDI\u00c7\u00d5ES DEM\u00d3CRITO ROCHA\",\"isPartOf\":{\"@id\":\"https:\/\/fdr.org.br\/edr\/#website\"},\"primaryImageOfPage\":{\"@id\":\"https:\/\/fdr.org.br\/edr\/sobre\/por-que-somos-edr\/#primaryimage\"},\"image\":{\"@id\":\"https:\/\/fdr.org.br\/edr\/sobre\/por-que-somos-edr\/#primaryimage\"},\"thumbnailUrl\":\"https:\/\/fdr.org.br\/edr\/wp-content\/uploads\/sites\/49\/2022\/11\/banner-1422x5104-1-e1670869033413.png\",\"datePublished\":\"2022-11-24T17:39:58+00:00\",\"dateModified\":\"2023-06-26T20:31:33+00:00\",\"breadcrumb\":{\"@id\":\"https:\/\/fdr.org.br\/edr\/sobre\/por-que-somos-edr\/#breadcrumb\"},\"inLanguage\":\"pt-BR\",\"potentialAction\":[{\"@type\":\"ReadAction\",\"target\":[\"https:\/\/fdr.org.br\/edr\/sobre\/por-que-somos-edr\/\"]}]},{\"@type\":\"ImageObject\",\"inLanguage\":\"pt-BR\",\"@id\":\"https:\/\/fdr.org.br\/edr\/sobre\/por-que-somos-edr\/#primaryimage\",\"url\":\"https:\/\/fdr.org.br\/edr\/wp-content\/uploads\/sites\/49\/2022\/11\/banner-1422x5104-1-e1670869033413.png\",\"contentUrl\":\"https:\/\/fdr.org.br\/edr\/wp-content\/uploads\/sites\/49\/2022\/11\/banner-1422x5104-1-e1670869033413.png\",\"width\":1032,\"height\":370},{\"@type\":\"BreadcrumbList\",\"@id\":\"https:\/\/fdr.org.br\/edr\/sobre\/por-que-somos-edr\/#breadcrumb\",\"itemListElement\":[{\"@type\":\"ListItem\",\"position\":1,\"name\":\"In\u00edcio\",\"item\":\"https:\/\/fdr.org.br\/edr\/\"},{\"@type\":\"ListItem\",\"position\":2,\"name\":\"P\u00e1gina Sobre\",\"item\":\"https:\/\/fdr.org.br\/edr\/sobre\/\"},{\"@type\":\"ListItem\",\"position\":3,\"name\":\"35 anos de Edi\u00e7\u00f5es Dem\u00f3crito Rocha &#8211; Temos hist\u00f3rias!\"}]},{\"@type\":\"WebSite\",\"@id\":\"https:\/\/fdr.org.br\/edr\/#website\",\"url\":\"https:\/\/fdr.org.br\/edr\/\",\"name\":\"EDI\u00c7\u00d5ES DEM\u00d3CRITO ROCHA\",\"description\":\"\",\"potentialAction\":[{\"@type\":\"SearchAction\",\"target\":{\"@type\":\"EntryPoint\",\"urlTemplate\":\"https:\/\/fdr.org.br\/edr\/?s={search_term_string}\"},\"query-input\":\"required name=search_term_string\"}],\"inLanguage\":\"pt-BR\"}]}<\/script>\n<!-- \/ Yoast SEO plugin. -->","yoast_head_json":{"title":"35 anos de Edi\u00e7\u00f5es Dem\u00f3crito Rocha - Temos hist\u00f3rias! - EDI\u00c7\u00d5ES DEM\u00d3CRITO ROCHA","robots":{"index":"index","follow":"follow","max-snippet":"max-snippet:-1","max-image-preview":"max-image-preview:large","max-video-preview":"max-video-preview:-1"},"canonical":"https:\/\/fdr.org.br\/edr\/sobre\/por-que-somos-edr\/","og_locale":"pt_BR","og_type":"article","og_title":"35 anos de Edi\u00e7\u00f5es Dem\u00f3crito Rocha - Temos hist\u00f3rias! - EDI\u00c7\u00d5ES DEM\u00d3CRITO ROCHA","og_description":"As Edi\u00e7\u00f5es Dem\u00f3crito Rocha possuem 35 anos de tradi\u00e7\u00e3o, reputa\u00e7\u00e3o e credibilidade no mercado editorial, o que as torna uma refer\u00eancia cultural. Devido \u00e0 diversidade de t\u00edtulos que oferecemos, valorizamos a pluralidade de autores e ilustradores, al\u00e9m de resgatar os cl\u00e1ssicos de nossa literatura. Somos reconhecidos pela qualidade de nosso acervo e por democratizar o acesso ao livro, oferecendo pre\u00e7os acess\u00edveis, realizando a\u00e7\u00f5es sociais e promo\u00e7\u00f5es durante todo o ano.","og_url":"https:\/\/fdr.org.br\/edr\/sobre\/por-que-somos-edr\/","og_site_name":"EDI\u00c7\u00d5ES DEM\u00d3CRITO ROCHA","article_modified_time":"2023-06-26T20:31:33+00:00","og_image":[{"width":1032,"height":370,"url":"http:\/\/fdr.org.br\/edr\/wp-content\/uploads\/sites\/49\/2022\/11\/banner-1422x5104-1-e1670869033413.png","type":"image\/png"}],"twitter_card":"summary_large_image","schema":{"@context":"https:\/\/schema.org","@graph":[{"@type":"WebPage","@id":"https:\/\/fdr.org.br\/edr\/sobre\/por-que-somos-edr\/","url":"https:\/\/fdr.org.br\/edr\/sobre\/por-que-somos-edr\/","name":"35 anos de Edi\u00e7\u00f5es Dem\u00f3crito Rocha - Temos hist\u00f3rias! - EDI\u00c7\u00d5ES DEM\u00d3CRITO ROCHA","isPartOf":{"@id":"https:\/\/fdr.org.br\/edr\/#website"},"primaryImageOfPage":{"@id":"https:\/\/fdr.org.br\/edr\/sobre\/por-que-somos-edr\/#primaryimage"},"image":{"@id":"https:\/\/fdr.org.br\/edr\/sobre\/por-que-somos-edr\/#primaryimage"},"thumbnailUrl":"https:\/\/fdr.org.br\/edr\/wp-content\/uploads\/sites\/49\/2022\/11\/banner-1422x5104-1-e1670869033413.png","datePublished":"2022-11-24T17:39:58+00:00","dateModified":"2023-06-26T20:31:33+00:00","breadcrumb":{"@id":"https:\/\/fdr.org.br\/edr\/sobre\/por-que-somos-edr\/#breadcrumb"},"inLanguage":"pt-BR","potentialAction":[{"@type":"ReadAction","target":["https:\/\/fdr.org.br\/edr\/sobre\/por-que-somos-edr\/"]}]},{"@type":"ImageObject","inLanguage":"pt-BR","@id":"https:\/\/fdr.org.br\/edr\/sobre\/por-que-somos-edr\/#primaryimage","url":"https:\/\/fdr.org.br\/edr\/wp-content\/uploads\/sites\/49\/2022\/11\/banner-1422x5104-1-e1670869033413.png","contentUrl":"https:\/\/fdr.org.br\/edr\/wp-content\/uploads\/sites\/49\/2022\/11\/banner-1422x5104-1-e1670869033413.png","width":1032,"height":370},{"@type":"BreadcrumbList","@id":"https:\/\/fdr.org.br\/edr\/sobre\/por-que-somos-edr\/#breadcrumb","itemListElement":[{"@type":"ListItem","position":1,"name":"In\u00edcio","item":"https:\/\/fdr.org.br\/edr\/"},{"@type":"ListItem","position":2,"name":"P\u00e1gina Sobre","item":"https:\/\/fdr.org.br\/edr\/sobre\/"},{"@type":"ListItem","position":3,"name":"35 anos de Edi\u00e7\u00f5es Dem\u00f3crito Rocha &#8211; Temos hist\u00f3rias!"}]},{"@type":"WebSite","@id":"https:\/\/fdr.org.br\/edr\/#website","url":"https:\/\/fdr.org.br\/edr\/","name":"EDI\u00c7\u00d5ES DEM\u00d3CRITO ROCHA","description":"","potentialAction":[{"@type":"SearchAction","target":{"@type":"EntryPoint","urlTemplate":"https:\/\/fdr.org.br\/edr\/?s={search_term_string}"},"query-input":"required name=search_term_string"}],"inLanguage":"pt-BR"}]}},"_links":{"self":[{"href":"https:\/\/fdr.org.br\/edr\/wp-json\/wp\/v2\/sobre\/27","targetHints":{"allow":["GET"]}}],"collection":[{"href":"https:\/\/fdr.org.br\/edr\/wp-json\/wp\/v2\/sobre"}],"about":[{"href":"https:\/\/fdr.org.br\/edr\/wp-json\/wp\/v2\/types\/sobre"}],"wp:featuredmedia":[{"embeddable":true,"href":"https:\/\/fdr.org.br\/edr\/wp-json\/wp\/v2\/media\/117"}],"wp:attachment":[{"href":"https:\/\/fdr.org.br\/edr\/wp-json\/wp\/v2\/media?parent=27"}],"curies":[{"name":"wp","href":"https:\/\/api.w.org\/{rel}","templated":true}]}}

35 anos de Edições Demócrito Rocha &#8211; Temos histórias!

<p>As Edições Demócrito Rocha possuem 35 anos de tradição, reputação e credibilidade no mercado editorial, o que as torna uma referência cultural. Devido à diversidade de títulos que oferecemos, valorizamos a pluralidade de autores e ilustradores, além de resgatar os clássicos de nossa literatura. Somos reconhecidos pela qualidade de nosso acervo e por democratizar o acesso ao livro, oferecendo preços acessíveis, realizando ações sociais e promoções durante todo o ano.</p>

<!-- This site is optimized with the Yoast SEO plugin v23.3 - https://yoast.com/wordpress/plugins/seo/ -->
<title>35 anos de Edições Demócrito Rocha - Temos histórias! - EDIÇÕES DEMÓCRITO ROCHA</title>
<meta name="robots" content="index, follow, max-snippet:-1, max-image-preview:large, max-video-preview:-1" />
<link rel="canonical" href="https://fdr.org.br/edr/sobre/por-que-somos-edr/" />
<meta property="og:locale" content="pt_BR" />
<meta property="og:type" content="article" />
<meta property="og:title" content="35 anos de Edições Demócrito Rocha - Temos histórias! - EDIÇÕES DEMÓCRITO ROCHA" />
<meta property="og:description" content="As Edições Demócrito Rocha possuem 35 anos de tradição, reputação e credibilidade no mercado editorial, o que as torna uma referência cultural. Devido à diversidade de títulos que oferecemos, valorizamos a pluralidade de autores e ilustradores, além de resgatar os clássicos de nossa literatura. Somos reconhecidos pela qualidade de nosso acervo e por democratizar o acesso ao livro, oferecendo preços acessíveis, realizando ações sociais e promoções durante todo o ano." />
<meta property="og:url" content="https://fdr.org.br/edr/sobre/por-que-somos-edr/" />
<meta property="og:site_name" content="EDIÇÕES DEMÓCRITO ROCHA" />
<meta property="article:modified_time" content="2023-06-26T20:31:33+00:00" />
<meta property="og:image" content="http://fdr.org.br/edr/wp-content/uploads/sites/49/2022/11/banner-1422x5104-1-e1670869033413.png" />
	<meta property="og:image:width" content="1032" />
	<meta property="og:image:height" content="370" />
	<meta property="og:image:type" content="image/png" />
<meta name="twitter:card" content="summary_large_image" />
<script type="application/ld+json" class="yoast-schema-graph">{"@context":"https://schema.org","@graph":[{"@type":"WebPage","@id":"https://fdr.org.br/edr/sobre/por-que-somos-edr/","url":"https://fdr.org.br/edr/sobre/por-que-somos-edr/","name":"35 anos de Edições Demócrito Rocha - Temos histórias! - EDIÇÕES DEMÓCRITO ROCHA","isPartOf":{"@id":"https://fdr.org.br/edr/#website"},"primaryImageOfPage":{"@id":"https://fdr.org.br/edr/sobre/por-que-somos-edr/#primaryimage"},"image":{"@id":"https://fdr.org.br/edr/sobre/por-que-somos-edr/#primaryimage"},"thumbnailUrl":"https://fdr.org.br/edr/wp-content/uploads/sites/49/2022/11/banner-1422x5104-1-e1670869033413.png","datePublished":"2022-11-24T17:39:58+00:00","dateModified":"2023-06-26T20:31:33+00:00","breadcrumb":{"@id":"https://fdr.org.br/edr/sobre/por-que-somos-edr/#breadcrumb"},"inLanguage":"pt-BR","potentialAction":[{"@type":"ReadAction","target":["https://fdr.org.br/edr/sobre/por-que-somos-edr/"]}]},{"@type":"ImageObject","inLanguage":"pt-BR","@id":"https://fdr.org.br/edr/sobre/por-que-somos-edr/#primaryimage","url":"https://fdr.org.br/edr/wp-content/uploads/sites/49/2022/11/banner-1422x5104-1-e1670869033413.png","contentUrl":"https://fdr.org.br/edr/wp-content/uploads/sites/49/2022/11/banner-1422x5104-1-e1670869033413.png","width":1032,"height":370},{"@type":"BreadcrumbList","@id":"https://fdr.org.br/edr/sobre/por-que-somos-edr/#breadcrumb","itemListElement":[{"@type":"ListItem","position":1,"name":"Início","item":"https://fdr.org.br/edr/"},{"@type":"ListItem","position":2,"name":"Página Sobre","item":"https://fdr.org.br/edr/sobre/"},{"@type":"ListItem","position":3,"name":"35 anos de Edições Demócrito Rocha &#8211; Temos histórias!"}]},{"@type":"WebSite","@id":"https://fdr.org.br/edr/#website","url":"https://fdr.org.br/edr/","name":"EDIÇÕES DEMÓCRITO ROCHA","description":"","potentialAction":[{"@type":"SearchAction","target":{"@type":"EntryPoint","urlTemplate":"https://fdr.org.br/edr/?s={search_term_string}"},"query-input":"required name=search_term_string"}],"inLanguage":"pt-BR"}]}</script>
<!-- / Yoast SEO plugin. -->

35 anos de Edições Demócrito Rocha - Temos histórias! - EDIÇÕES DEMÓCRITO ROCHA

As Edições Demócrito Rocha possuem 35 anos de tradição, reputação e credibilidade no mercado editorial, o que as torna uma referência cultural. Devido à diversidade de títulos que oferecemos, valorizamos a pluralidade de autores e ilustradores, além de resgatar os clássicos de nossa literatura. Somos reconhecidos pela qualidade de nosso acervo e por democratizar o acesso ao livro, oferecendo preços acessíveis, realizando ações sociais e promoções durante todo o ano.

EDIÇÕES DEMÓCRITO ROCHA

Início

Página Sobre
