{"id":1608,"date":"2026-03-18T14:37:55","date_gmt":"2026-03-18T17:37:55","guid":{"rendered":"https:\/\/fdr.org.br\/uane\/?page_id=1608"},"modified":"2026-05-07T09:36:37","modified_gmt":"2026-05-07T12:36:37","slug":"educacao-financeira-para-cidadania-plena","status":"publish","type":"page","link":"https:\/\/fdr.org.br\/uane\/educacao-financeira-para-cidadania-plena\/","title":{"rendered":"Educa\u00e7\u00e3o Financeira para Cidadania Plena"},"content":{"rendered":"","protected":false},"excerpt":{"rendered":"","protected":false},"author":78,"featured_media":1613,"parent":0,"menu_order":0,"comment_status":"closed","ping_status":"closed","template":"","meta":[],"class_list":["post-1608","page","type-page","status-publish","has-post-thumbnail","hentry"],"yoast_head":"<!-- This site is optimized with the Yoast SEO plugin v23.3 - https:\/\/yoast.com\/wordpress\/plugins\/seo\/ -->\n<title>Educa\u00e7\u00e3o Financeira para Cidadania Plena - UANE<\/title>\n<meta name=\"robots\" content=\"index, follow, max-snippet:-1, max-image-preview:large, max-video-preview:-1\" \/>\n<link rel=\"canonical\" href=\"https:\/\/fdr.org.br\/uane\/educacao-financeira-para-cidadania-plena\/\" \/>\n<meta property=\"og:locale\" content=\"pt_BR\" \/>\n<meta property=\"og:type\" content=\"article\" \/>\n<meta property=\"og:title\" content=\"Educa\u00e7\u00e3o Financeira para Cidadania Plena - UANE\" \/>\n<meta property=\"og:url\" content=\"https:\/\/fdr.org.br\/uane\/educacao-financeira-para-cidadania-plena\/\" \/>\n<meta property=\"og:site_name\" content=\"UANE\" \/>\n<meta property=\"article:modified_time\" content=\"2026-05-07T12:36:37+00:00\" \/>\n<meta property=\"og:image\" content=\"https:\/\/fdr.org.br\/uane\/wp-content\/uploads\/sites\/13\/2026\/03\/ef-306x306-2.png\" \/>\n\t<meta property=\"og:image:width\" content=\"306\" \/>\n\t<meta property=\"og:image:height\" content=\"306\" \/>\n\t<meta property=\"og:image:type\" content=\"image\/png\" \/>\n<meta name=\"twitter:card\" content=\"summary_large_image\" \/>\n<meta name=\"twitter:label1\" content=\"Est. tempo de leitura\" \/>\n\t<meta name=\"twitter:data1\" content=\"1 minuto\" \/>\n<script type=\"application\/ld+json\" class=\"yoast-schema-graph\">{\"@context\":\"https:\/\/schema.org\",\"@graph\":[{\"@type\":\"WebPage\",\"@id\":\"https:\/\/fdr.org.br\/uane\/educacao-financeira-para-cidadania-plena\/\",\"url\":\"https:\/\/fdr.org.br\/uane\/educacao-financeira-para-cidadania-plena\/\",\"name\":\"Educa\u00e7\u00e3o Financeira para Cidadania Plena - UANE\",\"isPartOf\":{\"@id\":\"https:\/\/fdr.org.br\/uane\/#website\"},\"primaryImageOfPage\":{\"@id\":\"https:\/\/fdr.org.br\/uane\/educacao-financeira-para-cidadania-plena\/#primaryimage\"},\"image\":{\"@id\":\"https:\/\/fdr.org.br\/uane\/educacao-financeira-para-cidadania-plena\/#primaryimage\"},\"thumbnailUrl\":\"https:\/\/fdr.org.br\/uane\/wp-content\/uploads\/sites\/13\/2026\/03\/ef-306x306-2.png\",\"datePublished\":\"2026-03-18T17:37:55+00:00\",\"dateModified\":\"2026-05-07T12:36:37+00:00\",\"breadcrumb\":{\"@id\":\"https:\/\/fdr.org.br\/uane\/educacao-financeira-para-cidadania-plena\/#breadcrumb\"},\"inLanguage\":\"pt-BR\",\"potentialAction\":[{\"@type\":\"ReadAction\",\"target\":[\"https:\/\/fdr.org.br\/uane\/educacao-financeira-para-cidadania-plena\/\"]}]},{\"@type\":\"ImageObject\",\"inLanguage\":\"pt-BR\",\"@id\":\"https:\/\/fdr.org.br\/uane\/educacao-financeira-para-cidadania-plena\/#primaryimage\",\"url\":\"https:\/\/fdr.org.br\/uane\/wp-content\/uploads\/sites\/13\/2026\/03\/ef-306x306-2.png\",\"contentUrl\":\"https:\/\/fdr.org.br\/uane\/wp-content\/uploads\/sites\/13\/2026\/03\/ef-306x306-2.png\",\"width\":306,\"height\":306},{\"@type\":\"BreadcrumbList\",\"@id\":\"https:\/\/fdr.org.br\/uane\/educacao-financeira-para-cidadania-plena\/#breadcrumb\",\"itemListElement\":[{\"@type\":\"ListItem\",\"position\":1,\"name\":\"Home\",\"item\":\"https:\/\/fdr.org.br\/uane\/\"},{\"@type\":\"ListItem\",\"position\":2,\"name\":\"Educa\u00e7\u00e3o Financeira para Cidadania Plena\"}]},{\"@type\":\"WebSite\",\"@id\":\"https:\/\/fdr.org.br\/uane\/#website\",\"url\":\"https:\/\/fdr.org.br\/uane\/\",\"name\":\"UANE\",\"description\":\"A Universidade Aberta do Nordeste (Uane), da Funda\u00e7\u00e3o Dem\u00f3crito Rocha, oferece cursos em tr\u00eas categorias: extens\u00e3o, t\u00e9cnico e livre.\",\"potentialAction\":[{\"@type\":\"SearchAction\",\"target\":{\"@type\":\"EntryPoint\",\"urlTemplate\":\"https:\/\/fdr.org.br\/uane\/?s={search_term_string}\"},\"query-input\":\"required name=search_term_string\"}],\"inLanguage\":\"pt-BR\"}]}<\/script>\n<!-- \/ Yoast SEO plugin. -->","yoast_head_json":{"title":"Educa\u00e7\u00e3o Financeira para Cidadania Plena - UANE","robots":{"index":"index","follow":"follow","max-snippet":"max-snippet:-1","max-image-preview":"max-image-preview:large","max-video-preview":"max-video-preview:-1"},"canonical":"https:\/\/fdr.org.br\/uane\/educacao-financeira-para-cidadania-plena\/","og_locale":"pt_BR","og_type":"article","og_title":"Educa\u00e7\u00e3o Financeira para Cidadania Plena - UANE","og_url":"https:\/\/fdr.org.br\/uane\/educacao-financeira-para-cidadania-plena\/","og_site_name":"UANE","article_modified_time":"2026-05-07T12:36:37+00:00","og_image":[{"width":306,"height":306,"url":"https:\/\/fdr.org.br\/uane\/wp-content\/uploads\/sites\/13\/2026\/03\/ef-306x306-2.png","type":"image\/png"}],"twitter_card":"summary_large_image","twitter_misc":{"Est. tempo de leitura":"1 minuto"},"schema":{"@context":"https:\/\/schema.org","@graph":[{"@type":"WebPage","@id":"https:\/\/fdr.org.br\/uane\/educacao-financeira-para-cidadania-plena\/","url":"https:\/\/fdr.org.br\/uane\/educacao-financeira-para-cidadania-plena\/","name":"Educa\u00e7\u00e3o Financeira para Cidadania Plena - UANE","isPartOf":{"@id":"https:\/\/fdr.org.br\/uane\/#website"},"primaryImageOfPage":{"@id":"https:\/\/fdr.org.br\/uane\/educacao-financeira-para-cidadania-plena\/#primaryimage"},"image":{"@id":"https:\/\/fdr.org.br\/uane\/educacao-financeira-para-cidadania-plena\/#primaryimage"},"thumbnailUrl":"https:\/\/fdr.org.br\/uane\/wp-content\/uploads\/sites\/13\/2026\/03\/ef-306x306-2.png","datePublished":"2026-03-18T17:37:55+00:00","dateModified":"2026-05-07T12:36:37+00:00","breadcrumb":{"@id":"https:\/\/fdr.org.br\/uane\/educacao-financeira-para-cidadania-plena\/#breadcrumb"},"inLanguage":"pt-BR","potentialAction":[{"@type":"ReadAction","target":["https:\/\/fdr.org.br\/uane\/educacao-financeira-para-cidadania-plena\/"]}]},{"@type":"ImageObject","inLanguage":"pt-BR","@id":"https:\/\/fdr.org.br\/uane\/educacao-financeira-para-cidadania-plena\/#primaryimage","url":"https:\/\/fdr.org.br\/uane\/wp-content\/uploads\/sites\/13\/2026\/03\/ef-306x306-2.png","contentUrl":"https:\/\/fdr.org.br\/uane\/wp-content\/uploads\/sites\/13\/2026\/03\/ef-306x306-2.png","width":306,"height":306},{"@type":"BreadcrumbList","@id":"https:\/\/fdr.org.br\/uane\/educacao-financeira-para-cidadania-plena\/#breadcrumb","itemListElement":[{"@type":"ListItem","position":1,"name":"Home","item":"https:\/\/fdr.org.br\/uane\/"},{"@type":"ListItem","position":2,"name":"Educa\u00e7\u00e3o Financeira para Cidadania Plena"}]},{"@type":"WebSite","@id":"https:\/\/fdr.org.br\/uane\/#website","url":"https:\/\/fdr.org.br\/uane\/","name":"UANE","description":"A Universidade Aberta do Nordeste (Uane), da Funda\u00e7\u00e3o Dem\u00f3crito Rocha, oferece cursos em tr\u00eas categorias: extens\u00e3o, t\u00e9cnico e livre.","potentialAction":[{"@type":"SearchAction","target":{"@type":"EntryPoint","urlTemplate":"https:\/\/fdr.org.br\/uane\/?s={search_term_string}"},"query-input":"required name=search_term_string"}],"inLanguage":"pt-BR"}]}},"_links":{"self":[{"href":"https:\/\/fdr.org.br\/uane\/wp-json\/wp\/v2\/pages\/1608","targetHints":{"allow":["GET"]}}],"collection":[{"href":"https:\/\/fdr.org.br\/uane\/wp-json\/wp\/v2\/pages"}],"about":[{"href":"https:\/\/fdr.org.br\/uane\/wp-json\/wp\/v2\/types\/page"}],"author":[{"embeddable":true,"href":"https:\/\/fdr.org.br\/uane\/wp-json\/wp\/v2\/users\/78"}],"replies":[{"embeddable":true,"href":"https:\/\/fdr.org.br\/uane\/wp-json\/wp\/v2\/comments?post=1608"}],"version-history":[{"count":1,"href":"https:\/\/fdr.org.br\/uane\/wp-json\/wp\/v2\/pages\/1608\/revisions"}],"predecessor-version":[{"id":1609,"href":"https:\/\/fdr.org.br\/uane\/wp-json\/wp\/v2\/pages\/1608\/revisions\/1609"}],"wp:featuredmedia":[{"embeddable":true,"href":"https:\/\/fdr.org.br\/uane\/wp-json\/wp\/v2\/media\/1613"}],"wp:attachment":[{"href":"https:\/\/fdr.org.br\/uane\/wp-json\/wp\/v2\/media?parent=1608"}],"curies":[{"name":"wp","href":"https:\/\/api.w.org\/{rel}","templated":true}]}}